705 and 8505?
35
What is the highest common factor of 2362689 and 30558?
1389
Calculate the greatest common divisor of 28133672 and 1148.
28
What is the highest common divisor of 741 and 53295437?
247
Calculate the highest common divisor of 1708452 and 2052.
108
What is the highest common divisor of 4459 and 1050127?
13
Calculate the greatest common divisor of 810 and 2236041.
9
Calculate the highest common factor of 4 and 3769222.
2
Calculate the greatest common divisor of 135 and 73736940.
15
What is the greatest common factor of 771206 and 276886?
334
Calculate the greatest common factor of 31403526 and 154.
154
What is the highest common divisor of 95 and 84203288?
19
What is the greatest common divisor of 14930 and 910?
10
What is the highest common divisor of 7 and 71531?
1
What is the greatest common factor of 16006 and 63722?
302
Calculate the highest common divisor of 8700 and 6001260.
1740
Calculate the greatest common divisor of 518 and 616994.
14
What is the greatest common factor of 2503 and 2059969?
2503
Calculate the greatest common factor of 382130679 and 1197.
399
Calculate the greatest common factor of 667 and 19332121.
23
What is the greatest common divisor of 7802205 and 330?
15
Calculate the greatest common divisor of 166 and 1418719.
83
Calculate the greatest common divisor of 837963 and 55468.
1981
Calculate the highest common divisor of 10802 and 37763.
11
Calculate the highest common factor of 202779 and 3.
3
What is the greatest common divisor of 16085286 and 3654?
126
Calculate the greatest common divisor of 207761 and 529660.
373
What is the greatest common divisor of 63289104 and 20832?
1488
What is the highest common divisor of 49552 and 10629556?
652
What is the greatest common factor of 507794 and 22344?
266
Calculate the greatest common factor of 113 and 69509125.
113
What is the highest common divisor of 105 and 180685?
5
What is the greatest common divisor of 487453 and 712?
89
Calculate the greatest common divisor of 64943 and 1198567.
101
Calculate the greatest common divisor of 78640 and 4064705.
4915
Calculate the highest common divisor of 36656 and 134.
2
Calculate the greatest common divisor of 2961455 and 48730.
2215
Calculate the greatest common divisor of 792 and 628856.
8
What is the greatest common divisor of 319 and 1252133?
29
What is the highest common divisor of 596565 and 430?
5
Calculate the highest common factor of 2824 and 4485218.
706
What is the greatest common factor of 14832 and 39688578?
1854
What is the highest common factor of 28671 and 67659?
57
What is the greatest common factor of 3228 and 28740?
12
What is the greatest common divisor of 4654 and 2391082?
358
Calculate the greatest common factor of 1198716 and 2491572.
6276
Calculate the highest common divisor of 48 and 1602000.
48
What is the highest common factor of 63 and 357570279?
9
What is the greatest common factor of 801 and 4029386?
89
Calculate the greatest common factor of 2030391 and 495.
99
What is the greatest common factor of 433066 and 6111474?
1942
Calculate the highest common divisor of 8854 and 1349433713.
4427
What is the greatest common factor of 33814 and 130658?
22
What is the greatest common divisor of 984 and 223327?
41
Calculate the highest common divisor of 1784 and 12105332.
892
What is the highest common factor of 7188 and 883404?
12
Calculate the highest common factor of 55250 and 355550.
650
Calculate the greatest common divisor of 1957509 and 125451.
2367
What is the highest common factor of 62667 and 513?
27
Calculate the greatest common divisor of 986 and 62807736.
58
Calculate the greatest common divisor of 20368208 and 616.
56
What is the greatest common divisor of 6302 and 349512071?
3151
What is the greatest common factor of 1691402 and 411?
137
What is the greatest common divisor of 4160 and 270406240?
2080
Calculate the highest common divisor of 136279 and 3406022.
953
Calculate the highest common divisor of 21860 and 889940.
20
Calculate the greatest common divisor of 4680963 and 378.
189
Calculate the highest common factor of 1704 and 2777560.
8
Calculate the greatest common factor of 10088 and 4108144.
776
Calculate the highest common divisor of 129417 and 5728.
179
What is the greatest common factor of 2159655372 and 14?
14
Calculate the highest common divisor of 1100724 and 18096.
348
Calculate the greatest common factor of 35993150 and 2150.
2150
What is the highest common divisor of 301 and 196600601?
43
Calculate the greatest common factor of 93792 and 204.
12
What is the greatest common divisor of 96103224 and 90?
18
What is the highest common divisor of 150414 and 331144?
1166
What is the greatest common factor of 2712108 and 1134?
42
Calculate the highest common divisor of 85783 and 2292379.
109
Calculate the greatest common divisor of 20102 and 101285514.
1058
Calculate the highest common divisor of 1080 and 13767624.
216
What is the greatest common divisor of 767 and 33985121?
59
What is the highest common divisor of 2619 and 18993861?
873
Calculate the greatest common divisor of 97419955 and 235.
235
Calculate the highest common factor of 63442671 and 2047.
2047
What is the greatest common factor of 169451 and 41347?
239
Calculate the greatest common factor of 670215 and 457275.
1365
What is the highest common divisor of 2134045 and 149990?
265
What is the greatest common divisor of 1495368 and 12986?
86
What is the highest common divisor of 1558 and 804574?
38
Calculate the greatest common factor of 48 and 23076708.
12
What is the highest common factor of 68162 and 1171362?
394
What is the highest common factor of 37000 and 6500?
500
What is the greatest common factor of 252121 and 797756?
3763
What is the highest common factor of 476796 and 5292?
12
Calculate the highest common factor of 981525 and 173535.
345
Calculate the highest common divisor of 155 and 41315.
5
Calculate the highest common divisor of 27227 and 52155.
19
Calculate the greatest common factor of 480 and 1514112.
96
Calculate the greatest common divisor of 9947860 and 12220.
260
Calculate the highest common divisor of 1541 and 711741.
67
What is the highest common divisor of 236 and 442321879?
59
What is the greatest common factor of 130560 and 824640?
960
Calculate the greatest common divisor of 6705180 and 189.
27
Calculate the highest common factor of 10 and 27628112.
2
What is the greatest common divisor of 15 and 150689355?
15
Calculate the highest common divisor of 1149 and 61574144.
383
What is the greatest common divisor of 322528 and 10832?
16
What is the greatest common divisor of 180 and 464872230?
90
What is the greatest common factor of 3263099 and 125426?
2023
Calculate the greatest common factor of 78892 and 15954114.
3586
Calculate the highest common factor of 8224193 and 5961.
1987
Calculate the greatest common factor of 50272734 and 8082.
2694
What is the highest common divisor of 357 and 35653506?
21
Calculate the greatest common divisor of 1615 and 304267615.
1615
Calculate the greatest common divisor of 151849250 and 20.
10
Calculate the greatest common factor of 1590 and 102787935.
795
Calculate the highest common divisor of 23820294 and 6.
6
What is the highest common divisor of 1386528 and 12441?
429
Calculate the greatest common factor of 961671 and 3144.
393
Calculate the highest common divisor of 324 and 4215402.
162
What is the greatest common factor of 33781737 and 3927?
561
Calculate the highest common factor of 72239 and 5477897.
1363
Calculate the highest common factor of 2032 and 25008.
16
What is the greatest common factor of 4113 and 3693017?
457
What is the highest common divisor of 13900 and 2059300?
100
What is the highest common divisor of 405633796 and 276?
92
Calculate the highest common factor of 6821935 and 8845.
305
What is the highest common factor of 3641 and 179639658?
3641
What is the highest common factor of 2046512 and 663?
13
Calculate the greatest common factor of 82375012 and 4.
4
Calculate the highest common factor of 44 and 437404.
44
What is the highest common divisor of 11136 and 2903712?
2784
What is the greatest common factor of 483 and 2715111?
21
Calculate the highest common divisor of 1901579 and 5675.
227
Calculate the greatest common factor